 9, what is 20 - 37685?
-37665
In base 12, what is -2a + 240?
212
In base 4, what is -233232102 - 11?
-233232113
In base 4, what is -313130 - 1?
-313131
In base 15, what is 1ce8 + -d?
1cda
In base 11, what is 3827774 - -3?
3827777
In base 8, what is -13702 + 2?
-13700
In base 8, what is 6170 - -50?
6240
In base 10, what is 5 + 143445?
143450
In base 8, what is 4 + 456065?
456071
In base 12, what is 4 - 3118b?
-31187
In base 16, what is -bd1 + -49?
-c1a
In base 8, what is -120 - 1435?
-1555
In base 8, what is 117352 + -12?
117340
In base 8, what is -171 - 1256?
-1447
In base 9, what is 7 + 25658?
25666
In base 4, what is 120 - -103130?
103310
In base 3, what is 1101221122 - 10?
1101221112
In base 12, what is 110 - -1ba4?
20b4
In base 4, what is 11 - 1132011302?
-1132011231
In base 4, what is 11002031131 + -11?
11002031120
In base 14, what is 19d3b6 - 3?
19d3b3
In base 7, what is 10444 - -2241?
13015
In base 12, what is 1b67 + -11?
1b56
In base 15, what is -15e5d - 14?
-15e72
In base 9, what is -37572 - -4?
-37567
In base 10, what is 5 + -3925?
-3920
In base 3, what is 22112 + -102112?
-10000
In base 13, what is -5 - -5749?
5744
In base 12, what is 3 - 43971b?
-439718
In base 5, what is -12040 - 101?
-12141
In base 8, what is -704531 + -5?
-704536
In base 12, what is -7a + 42b?
371
In base 9, what is 355672 + 3?
355675
In base 15, what is 1a8d7 + 18?
1a900
In base 11, what is -4907 + 286?
-4631
In base 16, what is -4 - -8a3a?
8a36
In base 8, what is 1 + 11374?
11375
In base 9, what is 50 + 2138?
2188
In base 16, what is -24 + -1fa?
-21e
In base 14, what is 1d1 - d?
1c2
In base 12, what is 1ba3 + 1?
1ba4
In base 11, what is -12593 + -86?
-12669
In base 15, what is 8 + -1c1a?
-1c12
In base 11, what is 2637 + -6?
2631
In base 12, what is 1100597 - 4?
1100593
In base 6, what is 11314 - 32?
11242
In base 2, what is 0 + 10110001101000?
10110001101000
In base 6, what is -3012455 + -1?
-3012500
In base 6, what is -522125 - 3?
-522132
In base 13, what is 5 - -90b8?
90c0
In base 5, what is -1443040 + 4?
-1443031
In base 7, what is 34 + -12311?
-12244
In base 16, what is 1 + 74b2?
74b3
In base 4, what is -120202 - -2?
-120200
In base 14, what is -1 - -4b420?
4b41d
In base 11, what is -1a563 + 52?
-1a511
In base 8, what is 57 - 170?
-111
In base 11, what is 4 - 10524?
-10520
In base 15, what is -1105 + 1d?
-10d7
In base 7, what is -362630 + -2?
-362632
In base 13, what is -72b79 + 1?
-72b78
In base 5, what is -3330 + -120?
-4000
In base 2, what is -1001000000111111 + -111?
-1001000001000110
In base 14, what is 1da2 - 8?
1d98
In base 14, what is -763a - 199?
-77d5
In base 13, what is -5 - -b6a2?
b69a
In base 7, what is 432565 + 3?
432601
In base 13, what is -3b - -28b0?
2872
In base 8, what is 211 + -303?
-72
In base 13, what is 43 + 751?
794
In base 2, what is 10100111111010011 + -1000?
10100111111001011
In base 3, what is 110202121 + 1?
110202122
In base 8, what is -4605 + -205?
-5012
In base 5, what is 1421322 - -2?
1421324
In base 10, what is -373 + -4?
-377
In base 15, what is 143 + 4b?
18e
In base 15, what is -16 + -2190?
-21a6
In base 8, what is -1271 - 13354?
-14645
In base 14, what is -991060 - -2?
-99105c
In base 6, what is 2105 + 2335?
4444
In base 5, what is -14 + -30424?
-30443
In base 4, what is 1003 - 22030?
-21021
In base 12, what is 95834 + 0?
95834
In base 11, what is -26853 - 2?
-26855
In base 16, what is -184 + 1a?
-16a
In base 4, what is 113322113 - -1?
113322120
In base 2, what is 1 - -1110101010110100?
1110101010110101
In base 15, what is 8c4 + 48?
91c
In base 8, what is 365 + 146?
533
In base 3, what is 111 - -12100212022?
12100212210
In base 4, what is 3011033030 + -11?
3011033013
In base 6, what is -1225 + 114?
-1111
In base 9, what is -4 - 67712?
-67716
In base 9, what is 406681 + -2?
406678
In base 12, what is 2 + 27a034?
27a036
In base 9, what is -4 - -30136?
30132
In base 12, what is -2 - 4631?
-4633
In base 3, what is 1012112 - 11?
1012101
In base 3, what is 2 - 1220212000212?
-1220212000210
In base 4, what is -1 - -311033221?
311033220
In base 5, what is 1103 + -12113?
-11010
In base 14, what is -380b3 + 5?
-380ac
In base 9, what is -6 + 26726?
26720
In base 10, what is -98337 + 2?
-98335
In base 13, what is -4c7 + -39?
-533
In base 2, what is 100100010100110010 - 101?
100100010100101101
In base 2, what is -101011001001 + -111101001?
-110010110010
In base 13, what is 0 + 9327?
9327
In base 10, what is -259 - 20?
-279
In base 7, what is -144 - -12531?
12354
In base 15, what is -268 - -8d6?
66d
In base 15, what is 5 + 5885?
588a
In base 14, what is -6573b - 2?
-6573d
In base 13, what is -c - c9a2?
-c9b1
In base 15, what is 532 - 3e9?
138
In base 9, what is 5 - -303086?
303102
In base 12, what is 2b + 54?
83
In base 14, what is -1c + 4901?
48c3
In base 2, what is 1010 - -110111001100110?
110111001110000
In base 16, what is -199 + -50?
-1e9
In base 16, what is -37e - 30?
-3ae
In base 11, what is 5 - -336?
340
In base 14, what is 2 + 30bb2?
30bb4
In base 14, what is -17dd5 - -2?
-17dd3
In base 12, what is 0 - 17091?
-17091
In base 5, what is -32023232 - 10?
-32023242
In base 6, what is 3050 - 11422?
-4332
In base 2, what is 111000111101100110 + -101?
111000111101100001
In base 15, what is 14d6 - -7?
14dd
In base 7, what is 1031 + -14?
1014
In base 11, what is 3 - 2048?
-2045
In base 15, what is -5a984 + 3?
-5a981
In base 9, what is -1 + -206363?
-206364
In base 6, what is 552441 + -14?
552423
In base 11, what is 149041 + -7?
149035
In base 9, what is 2 - -14745?
14747
In base 8, what is 255 + 146?
423
In base 8, what is 124 + -313?
-167
In base 12, what is 14693 + -47?
14648
In base 9, what is -22 + 4820?
4787
In base 16, what is 3 + -12?
-f
In base 14, what is -1 - 2453?
-2454
In base 3, what is -20 + 201220111?
201220021
In base 15, what is 354 - -67?
3bb
In base 12, what is a2a7 - 47?
a260
In base 6, what is 5203 - 30?
5133
In base 8, what is 523 + -17?
504
In base 12, what is 1 - -23953?
23954
In base 8, what is 3 + -117362?
-117357
In base 16, what is 1 + -3a4c?
-3a4b
In base 4, what is 21201 + 303?
22110
In base 6, what is 32 + 52242?
52314
In base 5, what is -131144 + 231?
-130413
In base 8, what is 0 - 11426?
-11426
In base 10, what is 16 - 20964?
-20948
In base 5, what is -1131430 + 4?
-1131421
In base 11, what is -87 + -10a97?
-11073
In base 2, what is -100100111100 + 11101?
-100100011111
In base 14, what is -1a - -70b?
6d1
In base 13, what is -34 + -247c?
-24b3
In base 13, what is -284 - -44?
-240
In base 3, what is -1011101101 + -10?
-1011101111
In base 11, what is 6415 + -30?
6395
In base 4, what is -10300 + -110322?
-121222
In base 4, what is -20 - -3130100?
3130020
In base 12, what is -5 - -164b41?
164b38
In base 11, what is 42 - 105?
-73
In base 4, what is 1230121310 + 0?
1230121310
In base 16, what is -256f5 - 2?
-256f7
In base 15, what is 31e - -92?
3b1
In base 10, what is 360 + -243?
117
In base 16, what is af - 39b?
-2ec
In base 9, what is 1148 - 154?
884
In base 12, what is -21028 - 20?
-21048
In base 11, what is -1849 - 36?
-1884
In base 4, what is 100031 - 3301?
30130
In base 10, what is 0 - 4822?
-4822
In base 6, what is 550 - 210533?
-205543
In base 3, what is 10112 - -222021020?
222101202
In base 6, what is 2 - -3015231?
3015233
In base 14, what is 8 - 14d63?
-14d59
In base 5, what is -11 + -1423?
-1434
In base 2, what is -101 + -10010110010101011?
-10010110010110000
In base 5, what is -120 + 13012?
12342
In base 13, what is -41 + 1b90?
1b4c
In base 11, what is -61 + -2694a?
-26a00
In base 6, what is -330 - 30301?
-31031
In base 12, what is 298 + 2894?
2b70
In base 11, what is 158 - -176?
323
In base 11, what is a2792 - -4?
a2796
In base 15, what is -26 + 4c5?
49e
In base 3, what is 1 - 212000100221?
-212000100220
In base 5, what is -43310232 - -2?
-43310230
In base 12, what is 116 - -b53?
1069
In base 5, what is 100040123 + 2?
100040130
In base 15, what is 110a + 91?
119b
In base 11, what is 116259 - -8?
116266
In base 2, what is 110011000100110110 + 1?
110011000100110111
In base 14, what is 1ba61 - -9?
1ba6a
In base 10, what is -167 - 477?
-644
In base 5, what is 3231 - 14243?
-11012
In base 14, what is 0 + -3bcc?
-3bcc
In base 11, what is -3a + -992?
-a21
In base 8, what is 14615247 - 4?
14615243
I